{"id":455,"date":"2014-03-11T19:37:55","date_gmt":"2014-03-11T18:37:55","guid":{"rendered":"http:\/\/www.mivtrade.cz\/?page_id=455"},"modified":"2016-02-01T23:55:14","modified_gmt":"2016-02-01T22:55:14","slug":"druhy-stresnich-krytin","status":"publish","type":"page","link":"https:\/\/www.mivtrade.cz\/?page_id=455","title":{"rendered":"Druhy st\u0159e\u0161n\u00edch krytin"},"content":{"rendered":"<pre style=\"text-align: center;\"><span style=\"color: #ff0000;\"><a href=\"http:\/\/www.mivtrade.cz\/wp-content\/uploads\/2014\/03\/Ostrov-u-Macochy-02.jpg\"><img loading=\"lazy\" class=\"aligncenter size-full wp-image-602\" alt=\"Ostrov u Macochy 02\" src=\"http:\/\/www.mivtrade.cz\/wp-content\/uploads\/2014\/03\/Ostrov-u-Macochy-02.jpg\" width=\"778\" height=\"341\" srcset=\"https:\/\/www.mivtrade.cz\/wp-content\/uploads\/2014\/03\/Ostrov-u-Macochy-02.jpg 778w, https:\/\/www.mivtrade.cz\/wp-content\/uploads\/2014\/03\/Ostrov-u-Macochy-02-300x131.jpg 300w\" sizes=\"(max-width: 778px) 100vw, 778px\" \/><\/a>\r\nNab\u00edz\u00edme tyto druhy st\u0159e\u0161n\u00edch krytin<\/span><\/pre>\n<table border=\"1\" cellspacing=\"0\" cellpadding=\"1\">\n<tbody>\n<tr>\n<td>\n<h6><span style=\"color: #888888;\"><strong>St\u0159e\u0161n\u00ed ta\u0161ky:<\/strong><\/span><\/h6>\n<\/td>\n<td>\n<h6><span style=\"color: #888888;\"><strong>P\u00e1len\u00e9 st\u0159e\u0161n\u00ed ta\u0161ky:<\/strong><\/span><\/h6>\n<\/td>\n<td>\n<h6><span style=\"color: #888888;\"><strong>Betonov\u00e9 st\u0159e\u0161n\u00ed ta\u0161ky:<\/strong><\/span><\/h6>\n<\/td>\n<\/tr>\n<tr>\n<td>\n<ul>\n<li><span style=\"color: #888888;\">BRAMAC<\/span><\/li>\n<li><span style=\"color: #888888;\">KM-BETA<\/span><\/li>\n<li><span style=\"color: #888888;\">TONDACH<\/span><\/li>\n<\/ul>\n<\/td>\n<td>\n<ul>\n<li><span style=\"color: #888888;\">BRAMAC<\/span><\/li>\n<li><span style=\"color: #888888;\">TONDACH<\/span><\/li>\n<\/ul>\n<\/td>\n<td>\n<ul>\n<li><span style=\"color: #888888;\">TONDACH<\/span><\/li>\n<li><span style=\"color: #999999;\">KM-BETA<\/span><\/li>\n<\/ul>\n<\/td>\n<\/tr>\n<\/tbody>\n<\/table>\n<ul>\n<li><span style=\"color: #888888;\">Z P\u00c1S\u016e CELOTAVEN\u00ddCH<\/span><\/li>\n<li><span style=\"color: #888888;\">MODIFIKOVAN\u00c9 KOTVEN\u00c9<\/span><\/li>\n<li><span style=\"color: #888888;\">FATRAFOL<\/span><\/li>\n<li><span style=\"color: #888888;\">SIKA<\/span><\/li>\n<li><span style=\"color: #888888;\">MERX<\/span><\/li>\n<li><span style=\"color: #888888;\">SARNAFIL<\/span><\/li>\n<\/ul>\n<ul>\n<li><span style=\"color: #888888;\">\u0160ABLONY<\/span><\/li>\n<li><span style=\"color: #888888;\">CEMBRIT<\/span><\/li>\n<li><span style=\"color: #888888;\">LINDAB<\/span><\/li>\n<li><span style=\"color: #888888;\">ST\u0158E\u0160N\u00cd \u0160INDEL<\/span><\/li>\n<li><span style=\"color: #888888;\">ONDULINE<\/span><\/li>\n<li><span style=\"color: #888888;\">RANILA<\/span><\/li>\n<li><span style=\"color: #888888;\">KOMURKOV\u00c9 A POLIKARBONOV\u00c9 DESKY<\/span><\/li>\n<\/ul>\n<table border=\"1\" cellspacing=\"0\" cellpadding=\"1\">\n<tbody>\n<tr>\n<td>\n<h6><span style=\"color: #888888;\"><strong>Povlakov\u00e9 st\u0159e\u0161n\u00ed krytiny:<\/strong><\/span><\/h6>\n<\/td>\n<td>\n<h6><span style=\"color: #888888;\"><strong>Lehk\u00e9 st\u0159e\u0161n\u00ed ta\u0161ky:<\/strong><\/span><\/h6>\n<\/td>\n<\/tr>\n<\/tbody>\n<\/table>\n<p><a href=\"http:\/\/www.mivtrade.cz\/wp-content\/uploads\/2014\/02\/strch.jpg\"><img loading=\"lazy\" class=\"alignleft size-full wp-image-234\" alt=\"strch\" src=\"http:\/\/www.mivtrade.cz\/wp-content\/uploads\/2014\/02\/strch.jpg\" width=\"930\" height=\"100\" srcset=\"https:\/\/www.mivtrade.cz\/wp-content\/uploads\/2014\/02\/strch.jpg 930w, https:\/\/www.mivtrade.cz\/wp-content\/uploads\/2014\/02\/strch-300x32.jpg 300w\" sizes=\"(max-width: 930px) 100vw, 930px\" \/><\/a><\/p>\n<table border=\"1\" cellspacing=\"0\" cellpadding=\"1\">\n<tbody>\n<tr>\n<td><strong><span style=\"color: #888888;\"><a href=\"http:\/\/www.mivtrade.cz\/?page_id=93\"><span style=\"color: #888888;\"><span style=\"color: #ff0000;\">Stavebn\u00ed pr\u00e1ce<\/span> Brno, Blansko, Vy\u0161kov, Boskovice, Adamov<\/span><\/a><\/span><\/strong><\/td>\n<td><strong><span style=\"color: #888888;\"><a href=\"http:\/\/www.mivtrade.cz\/?page_id=69\"><span style=\"color: #888888;\"><span style=\"color: #ff0000;\">Fas\u00e1dy<\/span> Brno, Blansko, Vy\u0161kov, Boskovice, Adamov\u00a0<\/span><\/a><\/span><\/strong><\/td>\n<td><strong><span style=\"color: #888888;\"><a href=\"http:\/\/www.mivtrade.cz\/?page_id=70\"><span style=\"color: #888888;\"><span style=\"color: #ff0000;\">Izolace<\/span> Brno, Blansko, Vy\u0161kov, Boskovice, Adamov<\/span><\/a><\/span><\/strong><\/td>\n<\/tr>\n<\/tbody>\n<\/table>\n<pre>V p\u0159\u00edpad\u011b z\u00e1jmu o na\u0161e slu\u017eby n\u00e1s kontaktujte <a title=\"info@mivtrade.cz\" href=\"mailto:info@mivtrade.cz\" target=\"_blank\">emailem<\/a> nebo na telefonu 602 736 433.<\/pre>\n","protected":false},"excerpt":{"rendered":"<p>Nab\u00edz\u00edme tyto druhy st\u0159e\u0161n\u00edch krytin St\u0159e\u0161n\u00ed ta\u0161ky: P\u00e1len\u00e9 st\u0159e\u0161n\u00ed ta\u0161ky: Betonov\u00e9 st\u0159e\u0161n\u00ed ta\u0161ky: BRAMAC KM-BETA TONDACH BRAMAC TONDACH TONDACH KM-BETA Z P\u00c1S\u016e CELOTAVEN\u00ddCH MODIFIKOVAN\u00c9 KOTVEN\u00c9 FATRAFOL SIKA MERX SARNAFIL \u0160ABLONY CEMBRIT LINDAB ST\u0158E\u0160N\u00cd \u0160INDEL ONDULINE RANILA KOMURKOV\u00c9 A POLIKARBONOV\u00c9 DESKY Povlakov\u00e9 st\u0159e\u0161n\u00ed krytiny: Lehk\u00e9 st\u0159e\u0161n\u00ed ta\u0161ky: Stavebn\u00ed pr\u00e1ce Brno, Blansko, Vy\u0161kov, Boskovice, Adamov Fas\u00e1dy Brno, [&hellip;]<\/p>\n","protected":false},"author":1,"featured_media":0,"parent":66,"menu_order":0,"comment_status":"closed","ping_status":"closed","template":"","meta":[],"aioseo_notices":[],"_links":{"self":[{"href":"https:\/\/www.mivtrade.cz\/index.php?rest_route=\/wp\/v2\/pages\/455"}],"collection":[{"href":"https:\/\/www.mivtrade.cz\/index.php?rest_route=\/wp\/v2\/pages"}],"about":[{"href":"https:\/\/www.mivtrade.cz\/index.php?rest_route=\/wp\/v2\/types\/page"}],"author":[{"embeddable":true,"href":"https:\/\/www.mivtrade.cz\/index.php?rest_route=\/wp\/v2\/users\/1"}],"replies":[{"embeddable":true,"href":"https:\/\/www.mivtrade.cz\/index.php?rest_route=%2Fwp%2Fv2%2Fcomments&post=455"}],"version-history":[{"count":14,"href":"https:\/\/www.mivtrade.cz\/index.php?rest_route=\/wp\/v2\/pages\/455\/revisions"}],"predecessor-version":[{"id":1153,"href":"https:\/\/www.mivtrade.cz\/index.php?rest_route=\/wp\/v2\/pages\/455\/revisions\/1153"}],"up":[{"embeddable":true,"href":"https:\/\/www.mivtrade.cz\/index.php?rest_route=\/wp\/v2\/pages\/66"}],"wp:attachment":[{"href":"https:\/\/www.mivtrade.cz\/index.php?rest_route=%2Fwp%2Fv2%2Fmedia&parent=455"}],"curies":[{"name":"wp","href":"https:\/\/api.w.org\/{rel}","templated":true}]}}