{"id":5,"date":"2014-02-22T16:12:31","date_gmt":"2014-02-22T15:12:31","guid":{"rendered":"http:\/\/www.mivtrade.cz\/?page_id=5"},"modified":"2015-08-31T13:43:24","modified_gmt":"2015-08-31T12:43:24","slug":"home","status":"publish","type":"page","link":"https:\/\/www.mivtrade.cz\/?page_id=5","title":{"rendered":"\u00davod"},"content":{"rendered":"<p style=\"text-align: center;\"><span style=\"color: #888888;\">Hled\u00e1te spolehlivou\u00a0<strong>stavebn\u00ed firmu<\/strong>\u00a0pro va\u0161e stavebn\u00ed projekty v oblasti <strong>Brno, Blansko, Vy\u0161kov, Boskovice, Adamov a okol\u00ed<\/strong>?\u00a0<\/span><\/p>\n<p style=\"text-align: center;\"><span style=\"color: #000080;\"><span style=\"color: #888888;\"> Chcete se spolehnout na<\/span> <span style=\"color: #ff0000;\">kvalitu<\/span> <span style=\"color: #888888;\">odveden\u00e9 pr\u00e1ce a<\/span> <span style=\"color: #ff0000;\">rychlost<\/span> <span style=\"color: #888888;\">proveden\u00ed?\u00a0<\/span><\/span><\/p>\n<pre style=\"text-align: center;\"><strong><span style=\"color: #000080;\"><span style=\"color: #888888;\">Pokud ano, pak se obra\u0165te na na\u0161i firmu<\/span> <span style=\"color: #ff0000;\">M<span style=\"color: #888888;\">IV<\/span> T<span style=\"color: #888888;\">rade<\/span><\/span><span style=\"color: #888888;\">.<\/span><\/span><\/strong><\/pre>\n<p style=\"text-align: justify;\"><span style=\"color: #888888;\">Realizujeme pozemn\u00ed stavby, rodinn\u00e9 domy, obytn\u00e9 domy i pr\u016fmyslov\u00e9 budovy, a to jak novostavby, tak i rekonstrukce, vestavby a n\u00e1stavby.\u00a0<\/span><\/p>\n<p style=\"text-align: justify;\"><span style=\"color: #888888;\">Na\u0161e stavebn\u00ed firma m\u00e1 dlouholet\u00e9 zku\u0161enosti s \u0159adou realizac\u00ed zak\u00e1zek hlavn\u011b v oblastech Brno, Blansko, Vy\u0161kov, Boskovice, Adamov a okol\u00ed ale i t\u00e9m\u011b\u0159 po cel\u00e9 republice. <\/span><\/p>\n<p style=\"text-align: justify;\"><span style=\"color: #888888;\">Za dobu existence na\u0161\u00ed firmy jsme provedli \u0159adu kompletn\u00edch staveb rozs\u00e1hlej\u0161\u00edho charakteru, stejn\u011b jako drobn\u00e9 stavebn\u00ed \u00fapravy a rekonstrukce. <\/span><\/p>\n<p style=\"text-align: justify;\"><span style=\"color: #888888;\">Na na\u0161e zku\u0161enosti se tud\u00ed\u017e m\u016f\u017eete spolehnout.<\/span><\/p>\n<table border=\"1\" cellspacing=\"0\" cellpadding=\"1\">\n<tbody>\n<tr>\n<td><a title=\"Stavby\" href=\"http:\/\/www.mivtrade.cz\/?page_id=93\"><span style=\"text-decoration: underline;\"><strong><span style=\"color: #888888; text-decoration: underline;\"><span style=\"color: #888888; text-decoration: underline;\"><span style=\"color: #ff0000; text-decoration: underline;\">Stavebn\u00ed<\/span> pr\u00e1ce Brno, Blansko, Vy\u0161kov,\u00a0<\/span><\/span><\/strong><\/span><span style=\"text-decoration: underline;\"><strong><span style=\"color: #888888; text-decoration: underline;\"><span>Boskovice, Adamov<\/span><\/span><\/strong><\/span><\/a><\/td>\n<td><span style=\"text-decoration: underline;\"><strong><span style=\"color: #888888; text-decoration: underline;\"><a href=\"http:\/\/www.mivtrade.cz\/?page_id=66\"><span style=\"color: #888888; text-decoration: underline;\"><span style=\"color: #ff0000; text-decoration: underline;\">St\u0159echy<\/span> Brno, Blansko, Vy\u0161kov, Boskovice, Adamov<\/span><\/a><\/span><\/strong><\/span><\/td>\n<td><span style=\"text-decoration: underline;\"><strong><span style=\"color: #888888; text-decoration: underline;\"><a href=\"http:\/\/www.mivtrade.cz\/?page_id=69\"><span style=\"color: #888888; text-decoration: underline;\"><span style=\"color: #ff0000; text-decoration: underline;\">Fas\u00e1dy<\/span> Brno, Blansko, Vy\u0161kov, Boskovice, Adamov\u00a0<\/span><\/a><\/span><\/strong><\/span><\/td>\n<td><span style=\"text-decoration: underline;\"><strong><span style=\"color: #888888; text-decoration: underline;\"><a href=\"http:\/\/www.mivtrade.cz\/?page_id=70\"><span style=\"color: #888888; text-decoration: underline;\"><span style=\"color: #ff0000; text-decoration: underline;\">Izolace<\/span> Brno, Blansko, Vy\u0161kov, Boskovice, Adamov<\/span><\/a><\/span><\/strong><\/span><\/td>\n<\/tr>\n<\/tbody>\n<\/table>\n","protected":false},"excerpt":{"rendered":"<p>Hled\u00e1te spolehlivou\u00a0stavebn\u00ed firmu\u00a0pro va\u0161e stavebn\u00ed projekty v oblasti Brno, Blansko, Vy\u0161kov, Boskovice, Adamov a okol\u00ed?\u00a0 Chcete se spolehnout na kvalitu odveden\u00e9 pr\u00e1ce a rychlost proveden\u00ed?\u00a0 Pokud ano, pak se obra\u0165te na na\u0161i firmu MIV Trade. Realizujeme pozemn\u00ed stavby, rodinn\u00e9 domy, obytn\u00e9 domy i pr\u016fmyslov\u00e9 budovy, a to jak novostavby, tak i rekonstrukce, vestavby a n\u00e1stavby.\u00a0 [&hellip;]<\/p>\n","protected":false},"author":1,"featured_media":0,"parent":0,"menu_order":21,"comment_status":"closed","ping_status":"closed","template":"content-sidebar-page.php","meta":[],"aioseo_notices":[],"_links":{"self":[{"href":"https:\/\/www.mivtrade.cz\/index.php?rest_route=\/wp\/v2\/pages\/5"}],"collection":[{"href":"https:\/\/www.mivtrade.cz\/index.php?rest_route=\/wp\/v2\/pages"}],"about":[{"href":"https:\/\/www.mivtrade.cz\/index.php?rest_route=\/wp\/v2\/types\/page"}],"author":[{"embeddable":true,"href":"https:\/\/www.mivtrade.cz\/index.php?rest_route=\/wp\/v2\/users\/1"}],"replies":[{"embeddable":true,"href":"https:\/\/www.mivtrade.cz\/index.php?rest_route=%2Fwp%2Fv2%2Fcomments&post=5"}],"version-history":[{"count":74,"href":"https:\/\/www.mivtrade.cz\/index.php?rest_route=\/wp\/v2\/pages\/5\/revisions"}],"predecessor-version":[{"id":2405,"href":"https:\/\/www.mivtrade.cz\/index.php?rest_route=\/wp\/v2\/pages\/5\/revisions\/2405"}],"wp:attachment":[{"href":"https:\/\/www.mivtrade.cz\/index.php?rest_route=%2Fwp%2Fv2%2Fmedia&parent=5"}],"curies":[{"name":"wp","href":"https:\/\/api.w.org\/{rel}","templated":true}]}}