{"id":70,"date":"2014-02-23T23:14:33","date_gmt":"2014-02-23T22:14:33","guid":{"rendered":"http:\/\/www.mivtrade.cz\/?page_id=70"},"modified":"2016-02-01T23:51:38","modified_gmt":"2016-02-01T22:51:38","slug":"izolace","status":"publish","type":"page","link":"https:\/\/www.mivtrade.cz\/?page_id=70","title":{"rendered":"Izolace"},"content":{"rendered":"<h4 style=\"text-align: center;\"><span style=\"color: #888888;\"><strong><span style=\"color: #ff0000;\"><a href=\"http:\/\/www.mivtrade.cz\/wp-content\/uploads\/2014\/02\/29112007643.jpg\"><img loading=\"lazy\" class=\"aligncenter size-large wp-image-599\" alt=\"29112007643\" src=\"http:\/\/www.mivtrade.cz\/wp-content\/uploads\/2014\/02\/29112007643-1024x569.jpg\" width=\"768\" height=\"426\" srcset=\"https:\/\/www.mivtrade.cz\/wp-content\/uploads\/2014\/02\/29112007643-1024x569.jpg 1024w, https:\/\/www.mivtrade.cz\/wp-content\/uploads\/2014\/02\/29112007643-300x166.jpg 300w, https:\/\/www.mivtrade.cz\/wp-content\/uploads\/2014\/02\/29112007643.jpg 1280w\" sizes=\"(max-width: 768px) 100vw, 768px\" \/><\/a><\/span><\/strong><\/span><\/h4>\n<h4 style=\"text-align: center;\"><span style=\"color: #888888;\"><strong><span style=\"color: #ff0000;\">M<\/span>IV <span style=\"color: #ff0000;\">T<\/span>rade \u2013 izolace\u00a0<\/strong><\/span><\/h4>\n<p style=\"text-align: justify;\">Mimo b\u011b\u017en\u00fdch stavebn\u00edch prac\u00ed (zateplov\u00e1n\u00ed, realizace st\u0159ech) se zab\u00fdv\u00e1me tak\u00e9 izolacemi st\u0159ech, fas\u00e1d a st\u011bn. Tepeln\u00e1 izolace\u00a0vede k \u00faspor\u00e1m spot\u0159ebovan\u00e9 energie na vyt\u00e1p\u011bn\u00ed a t\u00edm i tak\u00e9 tepeln\u00e9 pohod\u011b interi\u00e9r\u016f. Na\u0161e\u00a0slu\u017eby mohou vyu\u017e\u00edt p\u0159edev\u0161\u00edm majitel\u00e9 nemovitost\u00ed oblasti Brno, Blansko, Vy\u0161kov, Boskovice, Adamov a okol\u00ed, kde na\u0161e firma p\u016fsob\u00ed. Pokud hled\u00e1te firmu s dlouholet\u00fdmi zku\u0161enostmi, kter\u00e1 kvalitn\u011b a rychle realizuje izolace (Brno, Blansko, Vy\u0161kov, Boskovice, Adamov) va\u0161ich staveb, pak se obra\u0165te na n\u00e1s. Konkr\u00e9tn\u00ed izola\u010dn\u00ed pr\u00e1ce v\u00e1m individu\u00e1ln\u011b nacen\u00edme, poskytneme odborn\u00e9 poradenstv\u00ed a dod\u00e1me kompletn\u00ed materi\u00e1l pro izolace.<\/p>\n<pre><strong><span style=\"color: #808080;\"> Prov\u00e1d\u011bn\u00e9 izolace a izola\u010dn\u00ed pr\u00e1ce<\/span><\/strong><\/pre>\n<ul>\n<li>zateplen\u00ed fas\u00e1d, st\u011bn a \u0161ikmin (bytov\u00fdch i rodinn\u00fdch dom\u016f)<\/li>\n<li>zateplen\u00ed st\u0159ech (ploch\u00e9 i dvoupl\u00e1\u0161\u0165ov\u00e9 st\u0159echy)<\/li>\n<li>zateplen\u00ed strop\u016f<\/li>\n<li>vazn\u00edkov\u00e9 konstrukce<\/li>\n<li>tepeln\u00e9 izolace<\/li>\n<li>zvukov\u00e9 izolace aplikovan\u00e9 foukanou technologi\u00ed do konstrukce st\u0159echy nebo strop\u016f<\/li>\n<\/ul>\n<p>Poradenstv\u00ed a izolace va\u0161ich staveb v Brn\u011b, Blansku, Vy\u0161kov\u011b, Boskovic\u00edch, Adamov\u011b a okol\u00ed prov\u00e1d\u00edme s nejmodern\u011bj\u0161\u00ed technikou. K izola\u010dn\u00edm prac\u00edm pou\u017e\u00edv\u00e1me vybran\u00e9 izola\u010dn\u00ed materi\u00e1ly s atesty, jejich\u017e kvalitu m\u00e1me osobn\u011b vyzkou\u0161enou v r\u00e1mci na\u0161\u00ed praxe.<\/p>\n<h5 style=\"text-align: center;\"><span style=\"color: #ff0000;\">Jsme v seznamu odborn\u00fdch dodavatel\u016f<\/span>\u00a0<span style=\"color: #99cc00;\"><a href=\"http:\/\/www.zelenausporam.cz\/vyhledavani\/sod\/vysledky-podle-ic-a-nazvu\/?st=27735435\"><span style=\"color: #99cc00;\">ZELEN\u00c1 \u00daSPOR\u00c1M<\/span><\/a><\/span>.<\/h5>\n<p style=\"text-align: justify;\">Zaji\u0161\u0165ujeme izolace budov v\u010detn\u011b dod\u00e1vky materi\u00e1lu. Jako\u017eto firma prov\u00e1d\u011bj\u00edc\u00ed kvalitn\u00ed izolace st\u0159ech, fas\u00e1d a pl\u00e1\u0161\u0165\u016f poskytujeme na na\u0161e stavby z\u00e1ruku 60 m\u011bs\u00edc\u016f. Na materi\u00e1l d\u00e1v\u00e1me z\u00e1ruku dle podm\u00ednek v\u00fdrobce.<\/p>\n<table border=\"1\" cellspacing=\"0\" cellpadding=\"1\">\n<tbody>\n<tr>\n<td><span style=\"text-decoration: underline;\"><strong><span style=\"color: #888888; text-decoration: underline;\"><a href=\"http:\/\/www.mivtrade.cz\/?page_id=93\"><span style=\"color: #888888; text-decoration: underline;\"><span style=\"color: #ff0000; text-decoration: underline;\">Stavebn\u00ed pr\u00e1ce<\/span> Brno, Blansko, Vy\u0161kov, Boskovice, Adamov<\/span><\/a><\/span><\/strong><\/span><\/td>\n<td><span style=\"text-decoration: underline;\"><strong><span style=\"color: #888888; text-decoration: underline;\"><a href=\"http:\/\/www.mivtrade.cz\/?page_id=69\"><span style=\"color: #888888; text-decoration: underline;\"><span style=\"color: #ff0000; text-decoration: underline;\">Fas\u00e1dy<\/span> Brno, Blansko, Vy\u0161kov, Boskovice, Adamov<\/span><\/a><\/span><\/strong><\/span><\/td>\n<td><span style=\"text-decoration: underline;\"><strong><span style=\"color: #888888; text-decoration: underline;\"><a href=\"http:\/\/www.mivtrade.cz\/?page_id=66\"><span style=\"color: #888888; text-decoration: underline;\"><span style=\"color: #ff0000; text-decoration: underline;\">St\u0159echy<\/span> Brno, Blansko, Vy\u0161kov, Boskovice, Adamov<\/span><\/a><\/span><\/strong><\/span><\/td>\n<\/tr>\n<\/tbody>\n<\/table>\n<pre>V p\u0159\u00edpad\u011b z\u00e1jmu o na\u0161e slu\u017eby n\u00e1s kontaktujte <a title=\"info@mivtrade.cz\" href=\"mailto:info@mivtrade.cz\" target=\"_blank\">emailem<\/a> nebo na telefonu 602 736 433.<\/pre>\n","protected":false},"excerpt":{"rendered":"<p>MIV Trade \u2013 izolace\u00a0 Mimo b\u011b\u017en\u00fdch stavebn\u00edch prac\u00ed (zateplov\u00e1n\u00ed, realizace st\u0159ech) se zab\u00fdv\u00e1me tak\u00e9 izolacemi st\u0159ech, fas\u00e1d a st\u011bn. Tepeln\u00e1 izolace\u00a0vede k \u00faspor\u00e1m spot\u0159ebovan\u00e9 energie na vyt\u00e1p\u011bn\u00ed a t\u00edm i tak\u00e9 tepeln\u00e9 pohod\u011b interi\u00e9r\u016f. Na\u0161e\u00a0slu\u017eby mohou vyu\u017e\u00edt p\u0159edev\u0161\u00edm majitel\u00e9 nemovitost\u00ed oblasti Brno, Blansko, Vy\u0161kov, Boskovice, Adamov a okol\u00ed, kde na\u0161e firma p\u016fsob\u00ed. Pokud hled\u00e1te firmu [&hellip;]<\/p>\n","protected":false},"author":1,"featured_media":0,"parent":0,"menu_order":0,"comment_status":"closed","ping_status":"closed","template":"","meta":[],"aioseo_notices":[],"_links":{"self":[{"href":"https:\/\/www.mivtrade.cz\/index.php?rest_route=\/wp\/v2\/pages\/70"}],"collection":[{"href":"https:\/\/www.mivtrade.cz\/index.php?rest_route=\/wp\/v2\/pages"}],"about":[{"href":"https:\/\/www.mivtrade.cz\/index.php?rest_route=\/wp\/v2\/types\/page"}],"author":[{"embeddable":true,"href":"https:\/\/www.mivtrade.cz\/index.php?rest_route=\/wp\/v2\/users\/1"}],"replies":[{"embeddable":true,"href":"https:\/\/www.mivtrade.cz\/index.php?rest_route=%2Fwp%2Fv2%2Fcomments&post=70"}],"version-history":[{"count":19,"href":"https:\/\/www.mivtrade.cz\/index.php?rest_route=\/wp\/v2\/pages\/70\/revisions"}],"predecessor-version":[{"id":1150,"href":"https:\/\/www.mivtrade.cz\/index.php?rest_route=\/wp\/v2\/pages\/70\/revisions\/1150"}],"wp:attachment":[{"href":"https:\/\/www.mivtrade.cz\/index.php?rest_route=%2Fwp%2Fv2%2Fmedia&parent=70"}],"curies":[{"name":"wp","href":"https:\/\/api.w.org\/{rel}","templated":true}]}}